3, -g - u = -6*g + 4*v. What is the highest common factor of g and 220?
20
Suppose 30*q = 32*q - 1380. What is the greatest common divisor of 50 and q?
10
Suppose 73*h - 16 = 65*h. Suppose 0 = 3*r + 4*j - 122, -h*r + r - 3*j + 44 = 0. What is the highest common factor of r and 152?
38
Suppose 0 = 80*y - 4764 + 4204. Calculate the highest common factor of 21 and y.
7
Let c(l) = l**3 + 4*l**2 + 5*l + 2. Let a be c(-3). Let s(o) = -214*o - 40. Let z be s(a). Calculate the greatest common divisor of z and 51.
51
Let k(y) = 246*y**2 + 30*y - 8. Let s be k(1). Let t = 194 + 141. What is the highest common divisor of t and s?
67
Let p = 3065 - 2329. What is the highest common factor of 230 and p?
46
Suppose -8*i = -9*i - 43. Let h = i - -45. Suppose -h*g - 4 = a - 40, -82 = -4*g + 3*a. Calculate the highest common divisor of 19 and g.
19
Let i = -6121 - -6157. Let w be 8/(-12) + 110/3. Calculate the highest common factor of w and i.
36
Suppose 7*o - 2*o = 3*x - 59, -x - o = -33. Suppose -2*y = 2*w - 10, -3*y + 8*y - 11 = 2*w. Let v be (0 + 3)*7/y. What is the highest common factor of v and x?
7
Suppose 4*a - 9 + 1 = 0, -5*a = -m + 5. Let d be 248/20 - (-9)/m. Let r be (115/(-9))/(-1) - (-2)/9. What is the greatest common divisor of d and r?
13
Suppose 4*q + 177 = k - 57, 3*k + 4*q - 718 = 0. Let v = -15 + 66. Calculate the greatest common divisor of v and k.
17
Let f be ((-3*5)/3)/(12/(-5760)). Calculate the highest common divisor of 288 and f.
96
Let b be ((-3)/(-5))/(11/((-330)/(-9))). Let l be (1/b*-1)/((-2)/360). What is the highest common divisor of 75 and l?
15
Suppose 6662 = 33*o + 62. What is the highest common divisor of o and 125?
25
Let k(r) = -r**3 - 4*r**2 - 6*r + 4. Let h be k(-5). Let i = h + -59. Suppose i = -z + 5*z - 48. Calculate the greatest common factor of 60 and z.
12
Let w be ((-4059)/492)/((-3)/284). Calculate the highest common divisor of 22 and w.
11
Let u = 347 - -52. Calculate the greatest common factor of u and 665.
133
Let k = -4101 - -4521. What is the greatest common factor of 150 and k?
30
Let c be (4/(-6))/((-4)/738). Suppose 10311 - 10299 = 4*l. What is the highest common divisor of l and c?
3
Let u = -30 - -38. Let g(h) = 5*h**2 + 6*h - h**3 + 12*h**2 + 0*h**3 + 25 - 10*h**2. Let x be g(u). What is the highest common divisor of 72 and x?
9
Let t = -3577 + 3702. What is the greatest common divisor of t and 20?
5
Let r be (-12)/(-10)*(-210)/(-18). Let b(n) = 3*n**2 + n - 2. Let z be b(3). Let m be 14/4 - r/z. Calculate the highest common divisor of m and 18.
3
Suppose 4*m + 8860 = 3*k, 948*k + 2965 = 949*k - 3*m. What is the highest common factor of 384 and k?
128
Let t(y) = 7*y**3 - 55*y**2 + 2*y - 24. Let f be t(8). Let w be (-70)/5*(-7)/1. Calculate the greatest common divisor of f and w.
14
Let t = -1461 - -1877. Suppose 242 = 5*r + 47. Calculate the greatest common divisor of r and t.
13
Suppose -6*k + k = 2*r - 2, 0 = -4*r - 5*k - 16. Let z = r - -24. Let w = -8 + z. What is the highest common divisor of 63 and w?
7
Let i be ((-2)/(-6))/(8/1872*2). Suppose -16*p + 2677 = -7931. Calculate the greatest common divisor of i and p.
39
Let o(d) = -d + 3*d + 2 + 6*d - 13 + 8*d**2. Let b be o(2). Calculate the greatest common divisor of 296 and b.
37
Let l(b) = -b**3 - 38*b**2 - 39*b - 108. Let s be l(-37). Let m = s + 89. What is the greatest common divisor of 20 and m?
5
Suppose 110*z - 1795 + 434 = 1719. Calculate the highest common divisor of 6286 and z.
14
Suppose -9*t - 25*t = -170. Suppose -1939 = -4*q + r, 6*q + 3*r - 475 = t*q. What is the highest common factor of 44 and q?
44
Let r = 18 - -6. Let y(s) = 2*s**2 + 8*s + 6. Let w = 35 + -42. Let b be y(w). Calculate the greatest common divisor of b and r.
24
Suppose -2*y + 9*o - 12*o = 6, 6 = -3*y - 3*o. Suppose 0 = -10*t - y*t + 30. Calculate the highest common divisor of 69 and t.
3
Let c = -2175 + 2216. Calculate the greatest common factor of c and 4.
1
Suppose 74*u - 11*u = 65682 - 16290. Calculate the greatest common divisor of 32 and u.
16
Suppose -342665*w - 1114412 = -342691*w. Calculate the greatest common factor of 58 and w.
58
Let d be (-2)/(-13) + (-851)/(-299). Suppose 5*a + 0*k - k = 118, -a + 18 = -d*k. Calculate the highest common divisor of 264 and a.
24
Suppose 5*d = -5*t - 160, 13*t + 4*d - 96 = 17*t. Let b = 85 + t. What is the highest common divisor of 38 and b?
19
Let p be ((-2)/(-4))/(34/1564). Calculate the greatest common factor of 6187 and p.
23
Suppose -3*w - 4*v + 1010 + 734 = 0, -2*v = 5*w - 2916. Let j(t) = 9*t**2 + 4*t + 4. Let a be j(-3). What is the highest common divisor of a and w?
73
Suppose -3*i = -4*l + 1523, -i + 6*l - 2*l - 497 = 0. Let r be ((-2)/(-3))/((-9)/i). Let g = r + -29. Calculate the greatest common divisor of 36 and g.
9
Let j be 6312/21 + (-272)/476. What is the highest common divisor of j and 204?
12
Suppose 227 = 17*z - 96. Suppose -d = -w - 3, -3*w + z = 5*d - 36. Calculate the greatest common divisor of d and 42.
2
Suppose -942 = -b - 6*j, 2373 = 4*b + 5*j - 1262. What is the highest common divisor of 828 and b?
36
Suppose 2*d + 186 = 5*b, -3*b - 3*d + 53 + 46 = 0. Let w be 1*((-2)/(-8) - 3010/(-56)). What is the greatest common divisor of b and w?
18
Suppose 3*c = 392 + 13. Calculate the greatest common divisor of 180 and c.
45
Suppose 0*d = -d - 4*a + 7, 2*d + 4*a - 6 = 0. Let p be (-6 - (-1 + d))/((-5)/70). Let s = 13 - 5. What is the greatest common divisor of p and s?
8
Suppose -u = s, 11*s - 36 = -4*u + 16*s. Let p be (u/(-30)*18)/(12/(-30)). Let v be (-2)/10 - 91/(-5). Calculate the greatest common factor of v and p.
6
Suppose 84 = 22*t - 18*t. Suppose -3*l + t = -27. What is the highest common factor of 2 and l?
2
Suppose -4*g = 8*g + 6523 - 36427. What is the highest common factor of 140 and g?
28
Let t(m) = 2*m**2 - 35*m + 162. Suppose 7*x + 12 = 9*x - 4*c, -3*x - 5*c + 18 = 0. Let l be t(x). Calculate the highest common divisor of l and 108.
12
Let t(o) = 63*o + 558. Let b be t(-7). What is the greatest common divisor of 657 and b?
9
Suppose 3*g + 56 = 29. Let a be -3 - 6*6/g. Let m be 6*((-50)/(-15) - 2). What is the highest common factor of m and a?
1
Suppose 495*x = 489*x + 12690. What is the greatest common factor of 135 and x?
45
Let k = -10955 + 11175. What is the greatest common divisor of k and 26620?
220
Suppose -365*s + 191*s - 672 = -195*s. What is the highest common factor of 4064 and s?
32
Let f = -8 + 26. Suppose f*i = 11*i + 70. Let t = 16 + i. What is the greatest common factor of t and 286?
26
Suppose 15 = 3*r, 3869 = 5*u + 2*r - 21521. Calculate the highest common divisor of 72 and u.
36
Let d be -11 - 9 - (-1056)/44. Let s be (51 + 2)/((-2)/(-8)). What is the greatest common factor of s and d?
4
Let r = 13254 - 13128. What is the greatest common divisor of r and 49?
7
Suppose -3*y = -j + 104, 3*y - 300 = -18*j + 15*j. Let x = 20 + j. Calculate the highest common factor of x and 11.
11
Let o(r) be the first derivative of -r**4/4 + 2*r**3/3 - 3*r**2/2 - 4*r + 66. Let p be o(-2). What is the highest common factor of 102 and p?
6
Suppose -p = 5*z + p - 155, -141 = -4*z - 5*p. Suppose -4*o + 149 = -t, 216 - z = 5*o - t. What is the greatest common divisor of o and 14?
2
Suppose 14*a - 2*a - 7560 = 0. Let m be ((-1)/(-3))/(15/a). Calculate the highest common divisor of m and 434.
14
Let k = -2093 - -2153. Suppose -t - t = -24. Calculate the highest common factor of k and t.
12
Let i(l) be the first derivative of 16*l**3/3 - l**2/2 + 6*l + 22. Let m be i(-2). Calculate the highest common factor of m and 9.
9
Let n = 34 - -191. Let u = 48 - -2. Calculate the highest common factor of n and u.
25
Suppose 3*k = -4*s - 0*s - 3, -k = -5*s + 20. Let o be (62/4)/((-3)/6). Let b = -22 - o. Calculate the highest common factor of b and s.
3
Let o be (6/4 + 0)*80. Let t be (-520)/(-12)*(-1428)/(-1547). Calculate the highest common divisor of o and t.
40
Suppose -207*c + 35*c + 1324 + 17252 = 0. Calculate the highest common divisor of c and 6750.
54
Let y = -4591 - -7199. What is the highest common factor of y and 1141?
163
Let d(t) = 3*t**2 + 52*t + 7. Let n be d(-21). Let b be (-12)/(-72) - n/(-12). What is the highest common divisor of 10 and b?
10
Suppose -16 = 37*z - 29*z. Let m be 2/(-